rue
Does 7 divide 4066?
False
Is 185 a multiple of 5?
True
Is 15250 a multiple of 50?
True
Is 3840 a multiple of 30?
True
Does 3 divide 286?
False
Does 44 divide 21715?
False
Is 3432 a multiple of 66?
True
Does 57 divide 684?
True
Is 68780 a multiple of 359?
False
Is 50 a multiple of 3?
False
Is 17306 a multiple of 12?
False
Is 7 a factor of 27472?
False
Is 838 a multiple of 6?
False
Is 13 a factor of 365?
False
Is 66 a factor of 427?
False
Is 3 a factor of 42?
True
Does 51 divide 2765?
False
Is 13 a factor of 1350?
False
Is 28 a factor of 700?
True
Does 118 divide 4130?
True
Does 28 divide 66293?
False
Does 65 divide 12415?
True
Is 2997 a multiple of 81?
True
Is 94 even?
True
Is 2429 a multiple of 13?
False
Is 120 a factor of 3600?
True
Does 3 divide 534?
True
Does 2 divide 767?
False
Is 4 a factor of 4508?
True
Is 1631 a multiple of 7?
True
Is 891 a multiple of 81?
True
Is 602 a multiple of 86?
True
Does 5 divide 5187?
False
Is 39 a factor of 21996?
True
Is 148 a factor of 23116?
False
Is 3519 a multiple of 10?
False
Is 33 a factor of 318?
False
Does 6 divide 453?
False
Is 14 a factor of 896?
True
Is 28 a factor of 14168?
True
Is 6 a factor of 808?
False
Does 20 divide 253?
False
Is 10 a factor of 6590?
True
Is 62 a factor of 90024?
True
Is 34 a factor of 3064?
False
Does 9 divide 7781?
False
Does 29 divide 1205?
False
Is 28293 a multiple of 45?
False
Is 179 a factor of 24816?
False
Does 8 divide 120?
True
Is 143 a multiple of 11?
True
Does 17 divide 3304?
False
Is 149 a factor of 20632?
False
Does 67 divide 2841?
False
Does 4 divide 49?
False
Is 93652 a multiple of 52?
True
Is 29104 a multiple of 34?
True
Does 235 divide 8985?
False
Is 1008 a multiple of 63?
True
Does 16 divide 1824?
True
Does 73 divide 9052?
True
Is 794 a multiple of 49?
False
Is 1184 a multiple of 8?
True
Does 17 divide 476?
True
Is 62 a factor of 3534?
True
Does 232 divide 86304?
True
Is 102 a multiple of 102?
True
Is 36 a factor of 5939?
False
Does 11 divide 517?
True
Is 8544 a multiple of 113?
False
Does 301 divide 14541?
False
Is 831 a multiple of 79?
False
Is 33 a factor of 1446?
False
Is 1731 a multiple of 35?
False
Is 2716 a multiple of 89?
False
Is 1291 a multiple of 6?
False
Is 2500 a multiple of 8?
False
Is 47 even?
False
Does 102 divide 1326?
True
Does 6 divide 343?
False
Is 43 a factor of 4895?
False
Is 16794 a multiple of 33?
False
Is 200 a multiple of 9?
False
Is 14 a factor of 1120?
True
Does 20 divide 160?
True
Is 35444 a multiple of 258?
False
Is 324 a multiple of 4?
True
Is 95 a factor of 3135?
True
Is 18 a factor of 6390?
True
Does 27 divide 11988?
True
Does 6 divide 54?
True
Is 3 a factor of 2908?
False
Is 16 a factor of 336?
True
Is 4071 a multiple of 25?
False
Does 15 divide 8676?
False
Does 12 divide 3974?
False
Is 85738 a multiple of 23?
False
Does 12 divide 2016?
True
Does 11 divide 19225?
False
Is 11 a factor of 12755?
False
Does 3 divide 405?
True
Is 7 a factor of 25403?
True
Is 12 a factor of 3063?
False
Does 20 divide 980?
True
Does 26 divide 2045?
False
Does 28 divide 2940?
True
Is 3 a factor of 8168?
False
Is 19942 a multiple of 7?
False
Is 22476 a multiple of 13?
False
Does 2 divide 1893?
False
Is 47 a factor of 5278?
False
Is 9520 a multiple of 11?
False
Does 8 divide 357?
False
Is 4 a factor of 103?
False
Is 13631 a multiple of 17?
False
Does 32 divide 256?
True
Is 14 a factor of 479?
False
Is 85 even?
False
Is 179 a factor of 9650?
False
Is 10 a factor of 9900?
True
Is 21 a factor of 77837?
False
Is 21617 a multiple of 4?
False
Is 49 a factor of 2695?
True
Is 75 a multiple of 75?
True
Does 104 divide 87048?
True
Is 4070 a multiple of 37?
True
Is 109 a factor of 12426?
True
Is 2356 a multiple of 76?
True
Is 25220 a multiple of 10?
True
Is 4420 a multiple of 65?
True
Is 58 a factor of 877?
False
Is 495 a multiple of 11?
True
Is 11 a factor of 475?
False
Does 21 divide 11665?
False
Is 30 a factor of 750?
True
Is 59 a factor of 3464?
False
Is 15 a factor of 42297?
False
Does 7 divide 443?
False
Is 28 a factor of 812?
True
Is 351 a multiple of 9?
True
Is 152 a factor of 3995?
False
Does 24 divide 440?
False
Does 3 divide 1310?
False
Does 4 divide 191?
False
Is 67 a factor of 5979?
False
Is 3737 a multiple of 37?
True
Does 25 divide 2050?
True
Does 4 divide 665?
False
Is 24 a factor of 1702?
False
Is 16311 a multiple of 14?
False
Does 6 divide 58211?
False
Is 17 a factor of 952?
True
Is 3706 a multiple of 17?
True
Is 31 a factor of 35309?
True
Is 41 a factor of 750?
False
Does 5 divide 36290?
True
Is 21 a factor of 1260?
True
Is 8900 a multiple of 50?
True
Is 562 a multiple of 24?
False
Is 28 a factor of 728?
True
Is 132517 a multiple of 11?
True
Is 31637 a multiple of 22?
False
Does 9 divide 8415?
True
Is 3906 a multiple of 10?
False
Is 15 a factor of 330?
True
Does 140 divide 66360?
True
Is 23 a factor of 782?
True
Does 25 divide 75557?
False
Does 43 divide 1272?
False
Is 159 even?
False
Does 18 divide 19?
False
Does 6 divide 78?
True
Is 48 a factor of 8012?
False
Does 38 divide 10721?
False
Does 3 divide 37?
False
Is 647 a multiple of 10?
False
Is 352 a multiple of 22?
True
Is 14765 a multiple of 27?
False
Does 6 divide 240?
True
Does 10 divide 204?
False
Does 70 divide 1050?
True
Is 11 a factor of 2662?
True
Is 227 a factor of 14500?
False
Is 3261 a multiple of 113?
False
Is 14445 a multiple of 27?
True
Is 264 a multiple of 12?
True
Is 244 a multiple of 9?
False
Does 7 divide 14917?
True
Does 87 divide 3402?
False
Is 364 a multiple of 26?
True
Is 67 a factor of 394?
False
Is 94000 a multiple of 20?
True
Is 23 a factor of 1150?
True
Is 6504 a multiple of 7?
False
Is 39 a factor of 1521?
True
Is 1425 a multiple of 285?
True
Is 29 a factor of 5900?
False
Is 9 a factor of 639?
True
Is 22 a factor of 24156?
True
Is 3 a factor of 4170?
True
Does 6 divide 932?
False
Does 125 divide 2750?
True
Is 16315 a multiple of 13?
True
Is 52 a multiple of 4?
True
Does 7 divide 3234?
True
Is 167 a factor of 4914?
False
Does 6 divide 5856?
True
Is 4 a factor of 918?
False
Is 154 a factor of 770?
True
Does 12 divide 480?
True
Is 20 a factor of 3735?
False
Is 1946 a multiple of 40?
False
Does 6 divide 2377?
False
Does 15 divide 3300?
True
Does 11 divide 5104?
True
Is 971 a multiple of 40?
False
Is 50 a factor of 50650?
True
Is 551 a multiple of 29?
True
Is 92448 a multiple of 288?
True
Is 13 a factor of 7813?
True
Is 1462 a multiple of 17?
True
Is 16 a factor of 1368?
False
Is 146 a factor of 1918?
False
Is 1168 a multiple of 73?
True
Is 1428 a multiple of 14?
True
Does 16 divide 1056?
True
Is 12 a factor of 3420?
True
Is 28459 a multiple of 28?
False
Does 15 divide 17869?
False
Is 12200 a multiple of 20?
True
Is 8 a factor of 1904?
True
Is 1060 a multiple of 106?
True
Is 131 a factor of 42709?
False
Does 79 divide 1395?
False
Is 34 a factor of 512?
False
Does 48 divide 7021?
False
Does 39 divide 1209?
True
Is 10 a factor of 5648?
False
Does 13 divide 988?
True
Is 86 a factor of 2039?
False
Does 87 divide 23833?
False
Is 58 a factor of 37178?
True
Does 49 divide 30260?
False
Is 36 a factor of 936?
True
Does 11 divide 18139?
True
Does 71 divide 5183?
True
Is 37 a factor of 327?
False
Does 62 divide 1293?
False
Is 34 a factor of 15280?
False
Does 41 divide 8692?
True
Does 85 divide 11926?
False
Is 162 a multiple of 18?
True
Does 114 divide 16999?
False
Is 20 a factor of 979?
False
Is 705 a multiple of 13?
False
Is 148 a factor of 18352?
True
Is 16 a multiple of 4?
True
Is 1620 a multiple of 81?
True
Does 13 divide 84?
False
Does 7 divide 154?
True
Is 2574 a multiple of 33?
True
Does 17 divide 141151?
True
Does 14 divide 12698?
True
Is 34596 a multiple of 36?
True
Is 92 a factor of 6164?
True
Does 111 divide 241?
False
Is 6 a factor of 5664?
True
Is 51 a factor of 4885?
False
Does 50 divide 8827?
False
Is 19 a factor of 19?
True
Is 10 a factor of 8365?
False
Is 13920 a multiple of 151?
False
Is 165 a factor of 20287?
False
Is 19 a factor of 2318?
True
Is 289 a multiple of 9?
False
Does 13 divide 230?
False
Is 3989 a multiple of 37?
False
Is 23744 a multiple of 28?
True
Does 8 divide 23762?
False
Does 2 divide 50?
True
Is 110400 a multiple of 24?
True
Is 20394 a multiple of 33?
True
Is 14563 a multiple of 41?
False
Does 6 divide 546?
True
Does 4 divide 144?
Tru